ime factors of l.
3, 5
Let d(h) = 3*h + 4 - 6 - 5. Let j(z) = 6*z**2 - z + 1. Let o be j(1). List the prime factors of d(o).
11
List the prime factors of (6/(-9))/(6/(-1098)).
2, 61
Suppose q = -5*l + 22, 4*q - 2*q = 4. Suppose -g = -2*g + l. List the prime factors of g.
2
Suppose -4*q = -3*n + 486, -2*n - 3*n + q + 827 = 0. What are the prime factors of n?
2, 83
Let n be (-2)/((3/(-6))/1). Suppose -52 = -n*i + 4*t, -5*i + 46 = -4*t - 15. What are the prime factors of i?
3
Let l(k) = -k**3 + 6*k**2 - 3*k - 4. What are the prime factors of l(3)?
2, 7
Suppose -d - 9 = 2*d. Let z be 3/(d/(-53)) - 0. Suppose -z = -5*m - 0*k - 2*k, -5*k = 4*m - 39. What are the prime factors of m?
11
Let c be 2 + (-2*2 - -2). Let g(y) = 2*y + 3 + c*y**2 + 2*y**2 - y**2. List the prime factors of g(-3).
2, 3
Suppose -5*j + 360 = j. What are the prime factors of j?
2, 3, 5
Let n(i) = -i + 1. Let x be n(-5). Let o be (1 - 0)/(2/6). Suppose o*m + 9 = x*m. List the prime factors of m.
3
Suppose -2*v + 203 = 5*w, -3*v = -5*w - 215 - 102. Suppose -v = -0*g - 4*g. Let p = g - 15. List the prime factors of p.
11
Let d = -7 - -10. Suppose -s + 0 = -d. Suppose 9 - 24 = -s*l. What are the prime factors of l?
5
What are the prime factors of 1/((-102)/(-50) - 2)?
5
Suppose m - 8 + 4 = 0. Suppose v = m*v. Suppose -3*f + 9 = v, -f + 5*f = d. What are the prime factors of d?
2, 3
Let v be (0 - -1)*(1 + -2). What are the prime factors of (6 - v) + 2 + 2?
11
Let i be -3 - (-7)/(28/176). Suppose -2*j = 2*s - 54, 4*s + i = j - 6. What are the prime factors of j?
31
What are the prime factors of ((-2)/5)/((-11)/165)?
2, 3
Let s be ((-15)/6)/((-5)/(-10)). What are the prime factors of (3/s)/(5/(-150))?
2, 3
Let n(h) = -h + 15. Let x(q) = q - 16. Let c(d) = 5*n(d) + 4*x(d). List the prime factors of c(5).
2, 3
Let r(p) = 13*p**3 + 2*p**2 - 2*p - 1. Let u be r(2). Suppose -2*b - u = -d - 4*d, -4*b = d - 17. What are the prime factors of d?
3, 7
Let t(g) = 2*g**2 + 1. Let j be t(1). Suppose -6 + 0 = j*q, w = -3*q - 4. What are the prime factors of 0 + 2 + w - 1?
3
Let p = -21 + 23. Suppose -p*x - x + 171 = -3*t, 4*x + 4*t - 268 = 0. What are the prime factors of x?
2, 31
Suppose 24 + 28 = -y - k, 4*k = 3*y + 163. Let f = -38 - y. What are the prime factors of f?
3, 5
Let o(i) = -i**2 + 1 + 1 + 5*i + 2. Let g be o(5). Suppose 0*n - 42 = -5*n + 3*b, 0 = g*n + 2*b - 16. List the prime factors of n.
2, 3
Let a(n) = -2*n**2 + 3*n - 1. Let y(z) = 3*z**2 - 4*z + 1. Let x(k) = 4*a(k) + 3*y(k). What are the prime factors of x(3)?
2
Suppose 2*y = -0*y - 2. Let g = 15 - 7. Let i = g + y. What are the prime factors of i?
7
Let x(d) = -d + 1. Let n be x(-4). Suppose -n*q - 3*g + 0*g = -41, 4*q - g = 26. Let r = 22 - q. List the prime factors of r.
3, 5
List the prime factors of (-61 - -4)/(2/(28/(-3))).
2, 7, 19
Suppose 5*z + 0*r + 95 = 5*r, z + 5*r = -43. Let d be (-9)/(-1*(-3)/4). Let o = d - z. What are the prime factors of o?
11
Suppose 2*g + 3*h - 56 = 0, -g + 33 = 3*h + h. List the prime factors of g.
5
Let c be (72/(-15) + 0)*-5. Suppose 10 - 30 = -4*b. Suppose -c = -b*q - 9. What are the prime factors of q?
3
Suppose 2*p - 18 = 72. What are the prime factors of p?
3, 5
Let j = 7 - 7. Let t(z) = -z + 12. Let m be t(j). Suppose -40 = -2*n - m. List the prime factors of n.
2, 7
What are the prime factors of -5 + 4764/54 + (-4)/18?
83
Suppose -g - 5*k = -20, 2*g - 5*k - 140 = -g. Let n = -19 + g. What are the prime factors of n?
3, 7
Suppose 35 = 7*o - 105. What are the prime factors of o?
2, 5
Let z(t) = 17*t. Let v be z(10). What are the prime factors of (1/(-2))/((-5)/v)?
17
Suppose 3*p + 0*p = 4*c + 256, 2*p - 5*c = 180. Let y = -51 + p. Let m = -17 + y. List the prime factors of m.
2, 3
Suppose -4*q - 5*h = -9, 5*q - 18 = -4*h - 0*h. Let t = 5 - q. What are the prime factors of 35/6 + t/(-6)?
2, 3
Let s = -21 - -31. Let j = s - 4. List the prime factors of ((-36)/15)/(j/(-20)).
2
Let p = -86 + 123. Let c = -6 + p. List the prime factors of c.
31
Let a = -10 - -13. Suppose a*l - 154 = l. Suppose l = 4*u + u + f, 3 = -f. List the prime factors of u.
2
Let r be ((-1)/2)/((-6)/36). Let a = 44 - r. List the prime factors of a.
41
Suppose 648 = 5*u + 3*u. List the prime factors of u.
3
Let o = -47 + 60. What are the prime factors of o?
13
Suppose -d - 140 = -2*r - 9, 0 = 3*d - 9. List the prime factors of r.
67
Let j be -1*(-3 + 0) + -1. Suppose j*w = -2*w + 8. What are the prime factors of -2*w/((-4)/9)?
3
Suppose -4*k = i - 11, 4*i - 3*k - 6 = -0*k. Suppose -2*j + 3 + 1 = 0. Let p = i + j. What are the prime factors of p?
5
Suppose 0 = -6*t + 2*t. Let z = t - -8. List the prime factors of z.
2
List the prime factors of 4/(24/(-9)) - (-1204)/8.
149
List the prime factors of 1/2 - 15/(-10).
2
Let b(s) = -s**3 - 5*s**2 - 3*s + 3. Let f be b(-4). Let c = 11 + f. Let u = 15 - c. What are the prime factors of u?
5
Let i(s) = 9*s - 10. Let q(j) = -1 + 5 + 1 - 4*j. Let m(z) = -6*i(z) - 13*q(z). List the prime factors of m(-4).
3
Let r(i) = -i**3 - i**2 + 3. Let u be r(0). Let f = u + 16. Suppose -5*s + 26 = -f. What are the prime factors of s?
3
Let i(f) = 24*f - 35. What are the prime factors of i(9)?
181
Suppose 87*m = 82*m + 715. What are the prime factors of m?
11, 13
Let x = 5 - 6. Let z = x - -6. Let s(j) = j**3 - 5*j**2 + 6. What are the prime factors of s(z)?
2, 3
Let c(j) = -j**3 + 10*j**2 + 2*j + 7. What are the prime factors of c(10)?
3
Suppose 57*d - 58*d = -46. List the prime factors of d.
2, 23
Let w(h) = h - 2. Let y be w(4). Suppose -f + b + y*b + 15 = 0, 3*f + 3*b - 93 = 0. What are the prime factors of f?
3
Let v(x) = 9*x - 10. List the prime factors of v(13).
107
Let y(d) = -6. Let a(b) = b + 7. Let s(h) = -3*a(h) - 2*y(h). List the prime factors of s(-6).
3
Suppose -2 = 9*x - 20. What are the prime factors of x?
2
Suppose 2*t = -2*q + 10, 0*t + t - 7 = q. Suppose -2*j + 5 = h - t*j, -2*j = -6. List the prime factors of h.
17
Suppose -l - 4*l + 205 = -2*d, 154 = 3*l + 5*d. List the prime factors of l.
43
Let t = 20 + -17. List the prime factors of (-1 - -5) + 0/t.
2
Let r = 2 - -38. List the prime factors of r.
2, 5
Let b(g) = -g**3 + 11*g**2 + 4*g - 6. Let l be b(11). Suppose 5*q - 2*o - l - 43 = 0, -2*o + 39 = 3*q. List the prime factors of q.
3, 5
Let f(k) = 6*k - 20. What are the prime factors of f(11)?
2, 23
Suppose -3*x - 4*p = -26, 3*x - 14 - 11 = -5*p. What are the prime factors of x?
2, 5
List the prime factors of 15/3 - (-167 + -5).
3, 59
Let t = -35 - -59. Suppose 0 = -7*c + 3*c + t. What are the prime factors of c?
2, 3
Suppose 29*k - 34*k + 520 = 0. What are the prime factors of k?
2, 13
Suppose 7*h - 8*h + 4*n + 71 = 0, 340 = 4*h - 2*n. List the prime factors of h.
3, 29
Suppose -1 + 21 = 5*d. Suppose -b - 3*b = -d*s + 8, -20 = -5*s. List the prime factors of b.
2
Suppose -3*n - z + 10 = 0, -3*z + 14 = -2*n + 3*n. Suppose -2*b + 224 = n*b. What are the prime factors of b?
2, 7
Suppose 2*s - 10 = 16. What are the prime factors of s?
13
Suppose 0 = -14*f + 2827 + 869. List the prime factors of f.
2, 3, 11
List the prime factors of (-16)/((8/(-52))/1).
2, 13
Suppose z - 2*y = 3*z - 16, 5*z = 5*y. Suppose -n - 6 = -z*n. What are the prime factors of 5*n*(-1)/(-2)?
5
What are the prime factors of -2*-1*46 + 4?
2, 3
Suppose -65 = 4*p - 9*p. What are the prime factors of p?
13
Suppose -g = 3*s - 48, 3*g + 5*s = 57 + 79. Suppose -g = -5*q + 58. List the prime factors of q.
2, 5
Suppose 3*h - 3*k = 2*h + 8, h + 6 = -4*k. Let b(q) = 6*q - 8*q + q**2 + q**2. List the prime factors of b(h).
2
Let o(x) = 11*x - 14. List the prime factors of o(4).
2, 3, 5
Suppose 8 = 3*o - o. Suppose -v - 2*g = v, v + 2*g + o = 0. What are the prime factors of v?
2
Let b = -12 - -6. Let d = b + 8. Suppose w - d*w + 6 = 0. List the prime factors of w.
2, 3
Suppose 3*k + 23 = -5*g, 3*g - 20 = 4*k - g. Let d(a) = a**3 + 5*a**2 - 8*a - 4. List the prime factors of d(k).
2
Let h = -2 + 0. Let l be h/6 - 97/(-3). Suppose l = -3*z + 7*z. List the prime factors of z.
2
Let z = 39 - -36. Let r = z + -48. List the prime factors of r.
3
What are the prime factors of (-2)/14 + 444/21?
3, 7
Let p(o) = -o - 7. Let g be p(-9). Suppose 5*r + 3*b = 101 - 36, 52 = 4*r - g*b. List the prime factors of r.
13
Let a(v) =